.
6
Evaluate (-9 - (-6 + 3 - -3)) + 25.
16
Evaluate (-7 - -13) + -5 + 9 + -8.
2
What is -5 - 2 - (102 - 109)?
0
Calculate -6 - (-1 + 0) - (-14 + -12 + 25).
-4
Calculate 36 + -83 + 24 + -1 + (3 - 0).
-21
-1 + -9 + 1 + 16 + -2 + -19
-14
Calculate 10 + (20 - 3) + 8.
35
Calculate (6 + 2 + -6 - -4) + -8 + 8.
6
Calculate -13 - (10 - (-7 + 8 + 4 - -14)).
-4
Evaluate -5 + 9 + -12 + (-11 - -25).
6
What is the value of -11 + -9 + 10 + 14 + 11?
15
What is the value of 31 - (3 - 10 - -24)?
14
Calculate 6 + (-21 - (3 + -26)).
8
Calculate 3 + 0 + -78 + 29 + 59.
13
Calculate 0 - ((-10 - -7) + -11) - -8.
22
Calculate -6 + (-8 + 5 - 0) - (34 - 26).
-17
What is the value of -29 - (-15 + (1 - -3))?
-18
What is (-1 - (7 - -1)) + -30 + 49?
10
Calculate 0 - -3 - (-15 - (-19 + -3)).
-4
-2 + 0 + (-32 - -37) + (-16 - -22)
9
Calculate 34 - (-11 + (20 - (10 + 2 + -5))).
32
What is the value of (7 - 5 - (29 - 24)) + (1 - -2)?
0
4 - (47 + -50) - 17
-10
-2 + (-2 - -15) + -2 + -4 + -14
-9
What is (-11 - -21) + -34 + 14?
-10
What is the value of (6 - (6 - 4)) + (1 + 3 - -1)?
9
Evaluate (-6 - -23) + 45 + -43.
19
Evaluate -19 + 25 + (-23 - -8).
-9
Calculate 20 - ((0 - 8) + 53 + -43).
18
What is the value of (-8 - -11) + 3 + -7 + 1?
0
What is the value of -46 - (-24 + 15 + -16)?
-21
Calculate -24 - (-38 - -63 - 28).
-21
What is -19 - (-14 + 5) - (4 - 11)?
-3
What is the value of -1 + 4 + (-40 - -19)?
-18
Calculate 26 - (17 + 3 + -10 - 0) - 4.
12
What is the value of -1 + -8 + (10 + -19 - -13 - -1)?
-4
Calculate -7 + (1 - -19 - -4).
17
3 + 15 - (-5 + 13 - 4)
14
Calculate (-14 - -53) + 116 + -171.
-16
Calculate (-23 - 0 - -24) + -22.
-21
Evaluate 26 + -2 + (-44 + 17 - -24).
21
Calculate 2 - ((1 - 3) + 0 - (-388 + 384)).
0
Calculate 1 - 6 - (73 - 88).
10
What is the value of -1 + -26 + 7 + -1?
-21
What is the value of -3 + 5 + 1 - 18?
-15
(-13 - (-12 + 5)) + 19
13
Evaluate -43 + 44 - (-3 + -12 + -4).
20
Evaluate 9 + 1 + -15 - -1.
-4
Calculate -6 + -1 + (-3 - -1) - -9.
0
Evaluate (13 - 17) + -2 + 2 + -4.
-8
What is -7 - (5 - (-1 + 4 + 5))?
-4
What is the value of 16 - (20 + -15 + 8) - (2 - 11)?
12
1 + -1 - (-1 + 3) - (3 + 3)
-8
What is the value of (612 - 620) + (-1 - -19)?
10
Evaluate -30 + -37 + 58 + -4.
-13
Evaluate (-12 - (2 - 5)) + -5.
-14
What is the value of 11 + (-2 - (-19 + 26))?
2
15 - 22 - (0 - (5 - 8 - 13))
-23
What is the value of 16 + -1 + -142 + 123?
-4
-11 + -13 + 17 + -4
-11
What is the value of 9 + -5 + -5 + 16 + 1 + -5?
11
Evaluate 240 - 285 - (-26 + -4).
-15
Evaluate -11 + 5 - 0 - 5.
-11
Calculate -22 - -2 - ((-2 - -9 - 12) + -3).
-12
Evaluate (2 - 2) + (-8 - (6 + -1)).
-13
What is the value of (-3 - -1) + 6 - -3 - (8 - -4)?
-5
Calculate -13 + (-2 + 5 - -6).
-4
What is (-20 - (5 + -45)) + -4?
16
Calculate (1 - -10) + (-23 - (11 + -1)).
-22
What is the value of 12 + -4 + 5 + 5 + -7 + -1?
10
(-8 - -44) + -14 + -6
16
What is the value of -153 + 162 + 1 + 0 + 16?
26
Calculate -19 + 2 + (-2 + 12 - 15).
-22
Calculate -3 + 17 + -31 - -3.
-14
What is -34 + 1 + 1273 + -1241?
-1
What is -3 + 9 + 1 + (5 - (4 + -5))?
13
-69 + 61 + -2 + -16 + 2
-24
What is (-8 - (-11 - -17)) + 5?
-9
Evaluate -4 - -1 - (40 - 46) - -19.
22
Calculate -45 + -21 + (-16 - -58).
-24
What is the value of 5 + -1 + 13 + -16?
1
Calculate 5 + (21 - 19 - 21).
-14
0 + (-29 - (-22 - -15)) + 0 + -1
-23
Calculate 4 - (403 + -362 - (8 + 2 - 2)).
-29
Evaluate -4 + 22 - (-4 + 3 + -1 - -5).
15
What is -6 + -10 + -7 + 35?
12
What is -15 - (3 - 20 - (-7 - 2))?
-7
What is (-3 - ((25 - 6) + 8)) + 1 + 1?
-28
What is 5 + 4 - 18 - (-14 - 1)?
6
What is the value of 6 + (-10 - 4) - (-23 - 0) - 1?
14
Evaluate 8 + 0 + -1 - (27 - (47 - 22)).
5
What is -4 - (-1 - (-1 - -7)) - 6?
-3
What is (-14 - (-23 + -9)) + -20?
-2
What is the value of -4 + (-1 + (-22 + 9 - 2) - -11)?
-9
Evaluate 11 + 7 + -21 + 6 + -9 + -19.
-25
-24 - (-20 + 7 - -10)
-21
-2 + 64 + (15 - 46)
31
What is -1 - (-2 - 0) - (-561 - -553)?
9
What is the value of 70 + -28 + -53 + 21?
10
16 - (6 - 5 - (-5 + -5 + 5))
10
What is 20 - -1 - (-20 - (2 - (-24 + 49)))?
18
(-17 - -32) + -26 - -16
5
What is (-3 - -2) + 21 + -9?
11
Calculate 0 + -14 + 7 + 32 + -40.
-15
What is 8 - (-37 + 55 - (2 + -6))?
-14
What is the value of -1 + 25 + -28 - 13?
-17
-7 - -18 - (9 + -5 - -2)
5
Evaluate 1 - 9 - (1694 - 1696).
-6
What is the value of (1 + -7 - 17) + 20?
-3
(-8 - -12) + 9 + (-2 - -5)
16
What is the value of -1 + -15 + (-110 - -106 - (3 - 13))?
-10
Evaluate 19 + -7 + -18 + 10.
4
Calculate -18 - -1 - (11 - (16 + -1) - 4).
-9
Evaluate -22 + 26 + -6 + -11.
-13
-2 - -2 - (-21 + 11)
10
What is 0 - -13 - (1232 + -1194)?
-25
Calculate -14 - (-3 + -1 + -2 + 3 + 0).
-11
What is 4 - 1 - 13 - (-17 + (19 - 21))?
9
Evaluate (14 + 15 - ((7 - 2) + -13)) + -11.
26
21 - (24 + -27 + 15) - (7 + -1)
3
What is the value of (0 - -8) + -2 + (27 - (-18 - -58))?
-7
3 + (-6 + 0 + 10 - 0 - 13)
-6
Calculate 2 + 17 + 5 - 4.
20
What is the value of (11 - (-10 + 15)) + (8 + -1 - 43)?
-30
Evaluate -1 - 6 - -3 - -6 - (14 + -13).
1
(-27 - -11) + (4 - 3)
-15
Calculate (-1 - -1 - -6) + -5 + 1.
2
What is the value of 6 + (-13 - 6) + (2 - -2)?
-9
What is the value of (-6 - 3) + 13 + 20 + (-6 - 2)?
16
What is the value of (5 - (-3 + 10)) + (1 - 3)?
-4
What is the value of -4 - 0 - (-20 + 16 + 0) - 8?
-8
Evaluate 10 + (-20 - -20) + -3.
7
What is the value of 7 - (8 + (2 - (5 - -2)) - 2)?
6
Evaluate (3 - 10) + (-11 - -15 - 9) - -6.
-6
6 + -1 + -1 + (7 + -31 - -12)
-8
Evaluate 29 + 2 + (-520 - -506).
17
What is (27 - (-27 + 82)) + 34?
6
-3 - ((65 - 58) + (-10 - 0))
0
Calculate (-7 - (-3 - 11)) + 3.
10
(6 - (4 + 3)) + (-4 - -3)
-2
What is 17 - ((-10 - -36) + 6)?
-15
What is the value of -9 - -1 - (-44 + (29 - 4))?
11
Evaluate 1 + -4 - (4 + -6).
-1
-2 + (7 - 11) + 9 - (-2 - 2)
7
What is the value of (-6 - -1 - (10 + -12)) + (-28 - -40)?
9
What is -42 + 38 - (1 + (3 - 18) + 1)?
9
Calculate -5 - (-19 - (-4 + -7 + 8)).
11
What is the value of (-1 + 0 + 6 - (14 + -6)) + 12?
9
-6 - (9 - -1) - -5
-11
(-8 - 0) + -1 + (9 + 1 - 24)
-23
-13 - (14 - (4 - -13))
-10
Calculate -25 - (22 + -32 + 8).
-23
Calculate 1 - 1 - (99 + -108).
9
7 - (-28 - (-5 + 0) - (-27 + 23))
26
What is the value of 29 + (13 - 40) + 27?
29
What is -1 + 23 + 38 + -52?
8
Calculate 11 + (-49 - -50) + (-5 - 1).
6
What is -1 + 8 - (25 - (11 + 3 + -25))?
-29
What is -18 + (45 + -19 - 19)?
-11
What is the value of (20 - (8 - -3)) + -12?
-3
Calculate -19 + 2 + 27 - (18 - 3).
-5
Calculate 140 + -142 - (-3 + 0).
1
What is the value of 214 - 214 - (27 + -1)?
-26
What is the value of (-1 - -1 - (-10 + 11)) + -1?
-2
What is -8 + (-200 - -211) + 2 + 5 + 0?
10
What is (12 - 10) + -12 + (-1 - 1) + -1?
-13
Calculate -12 + (14 - (-2 + -3)).
7
Evaluate 0 - -18 - (11 + -5).
12
Evaluate 0 + -49 + 55 + 3 + -2 + 1.
8
What is (19 + -26 - (-6 + 3 - 2)) + 4?
2
0 + -6 - (-13 - (-16 - 5))
-14
What is -19 + (13 - (3 + 8)) + (0 - -6)?
-11
Evaluate -1 + -6 + (104 - 111).
-14
What is the value of 12 - -3 - 1 - ((2 - -4) + -2)?
10
5 + (4 - (5 - -2)) + -14
-12
17 - (6 - -8) - (-1 + (-2 - -10))
-4
-27 - (14 + -51 + 24)
-14
What is the value of (-4 + (1 + -12 - -9) - -9) + 8?
11
Calculate 10 - (-24 + (15 - -10)).
9
Calculate (2 - (14 - 0)) + 0.
-12
Calculate 252 + -261 - (3 + (-7 - -2) + 9).
-16
What is -20 + (-33 - (-27 - 7))?
-19
What is 12 + -2 + 0 - (-3 + (3 - 1))?
11
What is (-8 + -1 - (79 - 105)) + 1?
18
Calculate (-1 + -4 - -10) + -6 + (0 - 3).
-4
Calculate 35 + 6 + -19 + 11.
33
Evaluate (-39 + (-20 - -25) - (-3 + -1)) + 6.
-24
Calculate -16 - (-1 + -16) - 14.
-13
-19 - 4 - -37 - -7
21
What is the value of 7 + 2 + 0 + -3 - (44 - 43)?
5
Evaluate -46 + 13 - (-24 + 6).
-15
What is the value of 49 + (-24 - -16) + -76?
-35
What is the value of 2 + -2 + 1 - 1 - (-197 - -193)?
4
Calculate (101 - 119) + (27 - 1).
8
Calculate 3 + 16 + (-21 - (-26 - -10)).
14
What is 17 - (3 - (16 + -30 - -11))?
11
Evaluate 28 + -37 - 11 - (4 + 2).
-26
25 + -67 + 56 - (1 + 50)
-37
Calculate 21 + 3 + -6 - (54 - 60).
24
What is (-9 - -31) + 4 + -41?
-15
Calculate (-9 - -19 - 12) + 0 + 1 - -3.
2
Calculate -5 + (-8 - (-5 - 9)) + 2 + -1.
2
Evaluate 13 - (-48 - (14 + -57)).
18
What is the value of 10 - (29 - 51 - -9)?
23
What is 5 + (-6 - -3) + 11 + -7?
6
What is (-4 - 3) + 4 + -5 + 1?
-7
0 + -2 + -1 + (14 - 0)
11
